{"id":11219,"date":"2023-09-11T13:08:25","date_gmt":"2023-09-11T11:08:25","guid":{"rendered":"https:\/\/bollettinodarte.cultura.gov.it\/?page_id=11219"},"modified":"2024-02-26T11:59:45","modified_gmt":"2024-02-26T10:59:45","slug":"alessandra-giannotti-fogliami-et-figure-di-stucco-le-imprese-di-giorgio-vasari-per-il-cortile-di-michelozzo-a-palazzo-vecchio","status":"publish","type":"page","link":"https:\/\/bollettinodarte.cultura.gov.it\/?page_id=11219","title":{"rendered":"Alessandra Giannotti: \u00abFogliami et figure di stucco\u00bb: le imprese di Giorgio Vasari  per il cortile di Michelozzo a Palazzo Vecchio"},"content":{"rendered":"<div align=\"justify\">\n<p><strong>Estratto dal volume speciale <em><span style=\"font-size: 12pt;\">Lo stucco nell\u2019et\u00e0 della Maniera: cantieri, maestranze, modelli <\/span><\/em><span style=\"font-size: 12pt;\">(2022)<\/span><\/strong><\/p>\n<p>Il contributo si concentra sugli interventi decorativi permanenti predisposti da Vincenzio Borghini, Giorgio Vasari e una \u00e9quipe di artisti sul primo cortile di Palazzo Vecchio a Firenze in occasione delle nozze nel 1565 tra Francesco de\u2019 Medici e Giovanna d\u2019Austria. Recuperando gli espedienti decorativi impiegati nel 1536 per le feste tributate a Carlo V e a Margherita d\u2019Austria in citt\u00e0, Vasari adatta al nuovo allestimento le caratteristiche di quegli accorgimenti effimeri, vestendo alla romana, secondo spunti di gusto antiquario, il complesso arnolfiano fiorentino, gi\u00e0 modificato da Michelozzo, e tradotto ora in un moderno ambiente all\u2019antica. Salvaguardando una serrata unit\u00e0 dell\u2019insieme, l\u2019aretino coordina personalit\u00e0 diverse di stuccatori, a lui in parte gi\u00e0 familiari perch\u00e9 cooptate, all\u2019interno di Palazzo Vecchio, nei decori dell\u2019appartamento di Leone X e nell\u2019Udienza della Sala Grande: tra questi il volterrano Leonardo Ricciarelli, il forlivese Pietro Paolo Menzocchi e i fiorentini Lorenzo Marignolli e Giovan Battista Ferrucci del Tadda.<\/p>\n<p>&nbsp;<\/p>\n<p style=\"text-align: center;\"><strong>\u00abLeaves and stucco figures\u00bb: Vasari\u2019s feats in Michelozzo\u2019s courtyard in Palazzo Vecchio<\/strong><\/p>\n<div align=\"justify\">\n<p>The paper focuses on the permanent decorations created by Vincenzio Borghini, Giorgio Vasari and a team of artists in the first courtyard of Palazzo Vecchio in Florence. They were to celebrate the wedding between Francesco de\u2019 Medici and Joanna of Austria in 1565. Recovering the decorative devices used in 1536 for the festivities given for Charles V and Margaret of Austria in the city, Vasari adapted the temporary apparatus to Michelozzo\u2019s new layout of the Florentine Arnolfo complex, giving it an Ancient Roman appearance, along antiquarian lines, transforming it into a modern\u2013day old\u2013fashioned setting. Safeguarding a rigid harmony of the whole, the Arezzo artist managed the work and personalities of a variety of plasterers, in part already familiar to him because they had worked together inside Palazzo Vecchio, on the decorations of Leo X\u2019s apartment and the courtroom of the Sala Grande. They included Leonardo Ricciarelli from Volterra, Pietro Paolo Menzocchi from Forl\u00ec and the Florentines Lorenzo Marignolli and Giovan Battista Ferrucci del Tadda.<\/p>\n<\/div>\n<\/div>\n","protected":false},"excerpt":{"rendered":"<p>Estratto dal volume speciale Lo stucco nell\u2019et\u00e0 della Maniera: cantieri, maestranze, modelli (2022) Il contributo si concentra sugli interventi decorativi permanenti predisposti da Vincenzio Borghini, Giorgio Vasari e una \u00e9quipe di artisti sul primo cortile di Palazzo Vecchio a Firenze in occasione delle nozze nel 1565 tra Francesco de\u2019 Medici e Giovanna d\u2019Austria.<\/p>\n","protected":false},"author":1,"featured_media":0,"parent":0,"menu_order":0,"comment_status":"closed","ping_status":"closed","template":"","meta":{"footnotes":""},"categories":[],"tags":[],"class_list":["post-11219","page","type-page","status-publish","hentry"],"_links":{"self":[{"href":"https:\/\/bollettinodarte.cultura.gov.it\/index.php?rest_route=\/wp\/v2\/pages\/11219","targetHints":{"allow":["GET"]}}],"collection":[{"href":"https:\/\/bollettinodarte.cultura.gov.it\/index.php?rest_route=\/wp\/v2\/pages"}],"about":[{"href":"https:\/\/bollettinodarte.cultura.gov.it\/index.php?rest_route=\/wp\/v2\/types\/page"}],"author":[{"embeddable":true,"href":"https:\/\/bollettinodarte.cultura.gov.it\/index.php?rest_route=\/wp\/v2\/users\/1"}],"replies":[{"embeddable":true,"href":"https:\/\/bollettinodarte.cultura.gov.it\/index.php?rest_route=%2Fwp%2Fv2%2Fcomments&post=11219"}],"version-history":[{"count":3,"href":"https:\/\/bollettinodarte.cultura.gov.it\/index.php?rest_route=\/wp\/v2\/pages\/11219\/revisions"}],"predecessor-version":[{"id":12922,"href":"https:\/\/bollettinodarte.cultura.gov.it\/index.php?rest_route=\/wp\/v2\/pages\/11219\/revisions\/12922"}],"wp:attachment":[{"href":"https:\/\/bollettinodarte.cultura.gov.it\/index.php?rest_route=%2Fwp%2Fv2%2Fmedia&parent=11219"}],"wp:term":[{"taxonomy":"category","embeddable":true,"href":"https:\/\/bollettinodarte.cultura.gov.it\/index.php?rest_route=%2Fwp%2Fv2%2Fcategories&post=11219"},{"taxonomy":"post_tag","embeddable":true,"href":"https:\/\/bollettinodarte.cultura.gov.it\/index.php?rest_route=%2Fwp%2Fv2%2Ftags&post=11219"}],"curies":[{"name":"wp","href":"https:\/\/api.w.org\/{rel}","templated":true}]}}

<div align="justify">
<p><strong>Estratto dal volume speciale <em><span style="font-size: 12pt;">Lo stucco nell’età della Maniera: cantieri, maestranze, modelli </span></em><span style="font-size: 12pt;">(2022)</span></strong></p>
<p>Il contributo si concentra sugli interventi decorativi permanenti predisposti da Vincenzio Borghini, Giorgio Vasari e una équipe di artisti sul primo cortile di Palazzo Vecchio a Firenze in occasione delle nozze nel 1565 tra Francesco de’ Medici e Giovanna d’Austria. Recuperando gli espedienti decorativi impiegati nel 1536 per le feste tributate a Carlo V e a Margherita d’Austria in città, Vasari adatta al nuovo allestimento le caratteristiche di quegli accorgimenti effimeri, vestendo alla romana, secondo spunti di gusto antiquario, il complesso arnolfiano fiorentino, già modificato da Michelozzo, e tradotto ora in un moderno ambiente all’antica. Salvaguardando una serrata unità dell’insieme, l’aretino coordina personalità diverse di stuccatori, a lui in parte già familiari perché cooptate, all’interno di Palazzo Vecchio, nei decori dell’appartamento di Leone X e nell’Udienza della Sala Grande: tra questi il volterrano Leonardo Ricciarelli, il forlivese Pietro Paolo Menzocchi e i fiorentini Lorenzo Marignolli e Giovan Battista Ferrucci del Tadda.</p>
<p>&nbsp;</p>
<p style="text-align: center;"><strong>«Leaves and stucco figures»: Vasari’s feats in Michelozzo’s courtyard in Palazzo Vecchio</strong></p>
<div align="justify">
<p>The paper focuses on the permanent decorations created by Vincenzio Borghini, Giorgio Vasari and a team of artists in the first courtyard of Palazzo Vecchio in Florence. They were to celebrate the wedding between Francesco de’ Medici and Joanna of Austria in 1565. Recovering the decorative devices used in 1536 for the festivities given for Charles V and Margaret of Austria in the city, Vasari adapted the temporary apparatus to Michelozzo’s new layout of the Florentine Arnolfo complex, giving it an Ancient Roman appearance, along antiquarian lines, transforming it into a modern–day old–fashioned setting. Safeguarding a rigid harmony of the whole, the Arezzo artist managed the work and personalities of a variety of plasterers, in part already familiar to him because they had worked together inside Palazzo Vecchio, on the decorations of Leo X’s apartment and the courtroom of the Sala Grande. They included Leonardo Ricciarelli from Volterra, Pietro Paolo Menzocchi from Forlì and the Florentines Lorenzo Marignolli and Giovan Battista Ferrucci del Tadda.</p>
</div>
</div>

<p>Estratto dal volume speciale Lo stucco nell’età della Maniera: cantieri, maestranze, modelli (2022) Il contributo si concentra sugli interventi decorativi permanenti predisposti da Vincenzio Borghini, Giorgio Vasari e una équipe di artisti sul primo cortile di Palazzo Vecchio a Firenze in occasione delle nozze nel 1565 tra Francesco de’ Medici e Giovanna d’Austria.</p>
