{"id":11233,"date":"2023-09-11T13:15:54","date_gmt":"2023-09-11T11:15:54","guid":{"rendered":"https:\/\/bollettinodarte.cultura.gov.it\/?page_id=11233"},"modified":"2024-02-26T12:01:24","modified_gmt":"2024-02-26T11:01:24","slug":"alessandro-delpriori-il-laboratorio-fabrianese-aperture-e-ipotesi-per-lattivita-plastica-di-giuseppe-bastiani","status":"publish","type":"page","link":"https:\/\/bollettinodarte.cultura.gov.it\/?page_id=11233","title":{"rendered":"Alessandro Delpriori: Il laboratorio fabrianese: aperture e ipotesi per l\u2019attivit\u00e0 plastica di Giuseppe Bastiani"},"content":{"rendered":"<div align=\"justify\">\n<p><strong>Estratto dal volume speciale <em><span style=\"font-size: 12pt;\">Lo stucco nell\u2019et\u00e0 della Maniera: cantieri, maestranze, modelli <\/span><\/em><span style=\"font-size: 12pt;\">(2022)<\/span><\/strong><\/p>\n<p>La Cattedrale di Fabriano \u00e8 uno dei monumenti pi\u00f9 importanti per la cultura del Seicento nelle Marche. \u00c8 qui che si attua la svolta tra la cultura manierista e quella barocca: la decorazione in stucco, conservata in maniera straordinaria, gioca un ruolo fondamentale per l\u2019intero cantiere. Muzio Oddi, architetto della Santa Casa di Loreto, fu chiamato a lavorare al rinnovamento di San Venanzio a Fabriano nel 1607 e con lui arriv\u00f2 Francesco Silva, plasticatore ticinese attivo anch\u2019egli nella Basilica lauretana. I due ordirono un progetto grandioso a cui parteciparono moltissimi artisti, tra cui Giuseppe Bastiani da Macerata, che giovanissimo lavor\u00f2 a Roma e fu protagonista a Caprarola alla corte di Odoardo Farnese. Documentato a Fabriano dal 1613, affresc\u00f2 tutto il presbiterio della Cattedrale e lavor\u00f2 a fianco di Orazio Gentileschi nella cappella di San Carlo Borromeo e in quella dedicata allo stesso santo nella chiesa San Benedetto. Questo saggio cerca di dimostrare che il ruolo di Bastiani fu di vero e proprio regista dei cantieri fabrianesi e che la sua attivit\u00e0, oltre a quella di frescante, prevedeva pure la plastica degli stucchi, che gli si possono attribuire confrontandoli con le sue pitture.<\/p>\n<p>&nbsp;<\/p>\n<p style=\"text-align: center;\"><strong>The Fabriano laboratory: Insights and hypotheses for Giuseppe Bastiani\u2019s moulding work<\/strong><\/p>\n<div align=\"justify\">\n<p>Fabriano Cathedral is one of the most important Seventeenth\u2013century cultural monuments in the Marches. Here the turning point between Mannerist and Baroque culture takes place: the extraordinarily well preserved stucco decoration plays a fundamental r\u00f4le in the whole construction. Muzio Oddi, architect of the Santa Casa in Loreto, was called to work on the renovation of San Venanzio in Fabriano in 1607. With him came Francesco Silva, a Ticino sculptor also active in the Basilica of Loreto. The two hatched a grandiose project in which many artists participated, including Giuseppe Bastiani from Macerata, who had worked in Rome at a very young age and was a leading light at the court of Odoardo Farnese in Caprarola. His presence in Fabriano is documented since 1613, when he frescoed the entire presbytery of the Cathedral and worked alongside Orazio Gentileschi in the chapel of San Carlo Borromeo and in the one dedicated to the same saint in the church of San Benedetto. This paper intends to demonstrate that Bastiani\u2019s r\u00f4le was as the actual director of the Fabriano construction sites and that his activity, in addition to that as a fresco painter, also included the plasticity of the stuccos, which can be attributed to him by comparing them with his paintings.<\/p>\n<p>&nbsp;<\/p>\n<\/div>\n<\/div>\n","protected":false},"excerpt":{"rendered":"<p>Estratto dal volume speciale Lo stucco nell\u2019et\u00e0 della Maniera: cantieri, maestranze, modelli (2022) La Cattedrale di Fabriano \u00e8 uno dei monumenti pi\u00f9 importanti per la cultura del Seicento nelle Marche.<\/p>\n","protected":false},"author":1,"featured_media":0,"parent":0,"menu_order":0,"comment_status":"closed","ping_status":"closed","template":"","meta":{"footnotes":""},"categories":[],"tags":[],"class_list":["post-11233","page","type-page","status-publish","hentry"],"_links":{"self":[{"href":"https:\/\/bollettinodarte.cultura.gov.it\/index.php?rest_route=\/wp\/v2\/pages\/11233","targetHints":{"allow":["GET"]}}],"collection":[{"href":"https:\/\/bollettinodarte.cultura.gov.it\/index.php?rest_route=\/wp\/v2\/pages"}],"about":[{"href":"https:\/\/bollettinodarte.cultura.gov.it\/index.php?rest_route=\/wp\/v2\/types\/page"}],"author":[{"embeddable":true,"href":"https:\/\/bollettinodarte.cultura.gov.it\/index.php?rest_route=\/wp\/v2\/users\/1"}],"replies":[{"embeddable":true,"href":"https:\/\/bollettinodarte.cultura.gov.it\/index.php?rest_route=%2Fwp%2Fv2%2Fcomments&post=11233"}],"version-history":[{"count":3,"href":"https:\/\/bollettinodarte.cultura.gov.it\/index.php?rest_route=\/wp\/v2\/pages\/11233\/revisions"}],"predecessor-version":[{"id":12926,"href":"https:\/\/bollettinodarte.cultura.gov.it\/index.php?rest_route=\/wp\/v2\/pages\/11233\/revisions\/12926"}],"wp:attachment":[{"href":"https:\/\/bollettinodarte.cultura.gov.it\/index.php?rest_route=%2Fwp%2Fv2%2Fmedia&parent=11233"}],"wp:term":[{"taxonomy":"category","embeddable":true,"href":"https:\/\/bollettinodarte.cultura.gov.it\/index.php?rest_route=%2Fwp%2Fv2%2Fcategories&post=11233"},{"taxonomy":"post_tag","embeddable":true,"href":"https:\/\/bollettinodarte.cultura.gov.it\/index.php?rest_route=%2Fwp%2Fv2%2Ftags&post=11233"}],"curies":[{"name":"wp","href":"https:\/\/api.w.org\/{rel}","templated":true}]}}