{"id":11294,"date":"2023-09-12T12:49:19","date_gmt":"2023-09-12T10:49:19","guid":{"rendered":"https:\/\/bollettinodarte.cultura.gov.it\/?page_id=11294"},"modified":"2025-02-17T12:45:00","modified_gmt":"2025-02-17T11:45:00","slug":"serenella-rolfi-ozvald-gli-artisti-e-i-giornalisti-i-fogli-di-belle-arti-nello-specchio-degli-affari-e-negozi-di-uno-scultore","status":"publish","type":"page","link":"https:\/\/bollettinodarte.cultura.gov.it\/?page_id=11294","title":{"rendered":"Serenella Rolfi O\u017evald: Gli artisti e i giornalisti. I fogli di Belle Arti nello specchio degli affari e negozi di uno scultore"},"content":{"rendered":"<div align=\"justify\">\n<p><strong>Estratto dal volume speciale <em><span style=\"font-size: 12pt;\">Vincenzo Pacetti, Roma, L\u2019europa all\u2019epoca del Grand Tour <\/span><\/em><span style=\"font-size: 12pt;\">(2017)<\/span><\/strong><\/p>\n<p>I <em>Giornali dei negozi <\/em>di Vincenzo Pacetti offrono l\u2019occasione per riflettere sull&#8217;adeguamento delle strategie di promozione da parte degli artisti ai nuovi strumenti di pubblicizzazione rappresentati dai giornali artistici. L\u2019articolo ripercorre le modalit\u00e0 di interazione tra gli artisti e i redattori dei fogli artistici, concentrando l\u2019attenzione sui rapporti intrecciati dallo scultore con Giuseppe Antonio Guattani, redattore ed editore dei \u00abMonumenti antichi inediti ovvero Notizie di antichit\u00e0 e belle arti\u00bb, con i redattori del \u00abGiornale delle Belle Arti\u00bb, Giuseppe Carletti e Raimondo Ghelli, e quelli delle \u00abMemorie per le belle arti\u00bb, Onofrio Boni e Giovanni Gherardo de Rossi.\u00a0\u00a0 L\u2019analisi dei <em>Giornali di negozio<\/em> dello scultore e della pubblicistica coeva permette di ricostruire il non facile rapporto tra l\u2019artista e i redattori dei periodici romani che negli anni ottanta del Settecento non mancarono di volgere in polemica. Pur se le modalit\u00e0 intrattenute da Pacetti con la carta stampata non sono automaticamente estendibili al resto della comunit\u00e0 artistica, i <em>Giornali di negozio<\/em> permettono di inquadrare l&#8217;artista in veste di lettore consapevole delle potenzialit\u00e0 e della necessit\u00e0 di concorrere alla diffusione dell&#8217;informazione a stampa, e di mettere a fuoco l\u2019adozione di una sperimentale strategia autopromozionale che vede Pacetti collaborare con Guattani alla regia delle immagini pubblicate a corredo degli articoli dei \u00abMonumenti inediti\u00bb, precorrendo quello che poi all\u2019aprirsi dell\u2019Ottocento sar\u00e0 il rapporto tra Canova e Guattani. Il lungo rapporto di collaborazione tra Pacetti e Guattani nel privato dei negozi e nella <em>mise en page<\/em> degli articoli sui ritrovamenti e restauri d\u2019antichit\u00e0, frutter\u00e0 allo scultore la pubblicazione del profilo biografico firmato da uno dei pi\u00f9 strenui fiancheggiatori della classe degli scultori-restauratori trasformatosi, tra il 1805 e il 1806, in giornalista artistico e redattore-editore delle \u00abMemorie enciclopediche romane\u00bb.<\/p>\n<\/div>\n<p>&nbsp;<\/p>\n<p style=\"text-align: center;\"><strong><em>The\u00a0artists\u00a0and\u00a0the\u00a0journalists: Fine\u00a0art\u00a0newspapers\u00a0in\u00a0the\u00a0mirror\u00a0of\u00a0the\u00a0business\u00a0affairs\u00a0and\u00a0<\/em>negozi <em>of\u00a0a\u00a0sculptor <\/em><\/strong><\/p>\n<p>Vincenzo Pacetti\u2019s Giornali di negozi offer the opportunity to reflect on artist\u2019s adaptation of promotion strategies to the new advertising tools represented by art newspapers. The article examines interaction modalities between artists and art newspaper editors, focusing on the relationships Pacetti forged with Giuseppe Antonio Guattani, director and editor of the Monumenti antichi inediti ovvero Notizie di antichit\u00e0 e belle arti, Giuseppe Carletti and Raimondo Ghelli, editors of the Giornale delle Belle Arti, and Onofrio Boni and Giovanni Gherardo de Rossi, editors of the Memorie per le belle arti. The analysis of the sculptor\u2019s Giornali di negozi and of contemporary journalism enables a reconstruction of the uneasy rapports between the artist and periodical editors in Rome, connections that in the 1780s did not fail to become polemical. Although Pacetti\u2019s approach to the newspapers cannot automatically be extended to the rest of the artistic community, the Giornali di negozi permit us to frame the artist as a reader who was aware of the potential and need to contribute to the dissemination of printed information. Furthermore, they enable us to clarify his adoption of an experimental, selfpromotional strategy that saw him collaborating with Guattani in the presentation of images published in the articles of the Monumenti inediti, a preview of what the relationship between Canova and Guattani would consist in, at the beginning of the nineteenth century. The long, collaborative relationship between Pacetti and Guattani in the privacy of the negozi and in the mise en page of articles on the discovery and restoration of antiquities would enable the sculptor to publish the biographical profile of one of the strongest supporters of the class of sculptor\u2013restorers, transformed, in 1805\u20131806, into an artistic journalist and the editor\u2013publisher of the Memorie enciclopediche romane.<\/p>\n","protected":false},"excerpt":{"rendered":"<p>Estratto dal volume speciale Vincenzo Pacetti, Roma, L\u2019europa all\u2019epoca del Grand Tour (2017) I Giornali dei negozi di Vincenzo Pacetti offrono l\u2019occasione per riflettere sull&#8217;adeguamento delle strategie di promozione da parte degli artisti ai nuovi strumenti di pubblicizzazione rappresentati dai giornali artistici.<\/p>\n","protected":false},"author":1,"featured_media":0,"parent":0,"menu_order":0,"comment_status":"closed","ping_status":"closed","template":"","meta":{"footnotes":""},"categories":[],"tags":[],"class_list":["post-11294","page","type-page","status-publish","hentry"],"_links":{"self":[{"href":"https:\/\/bollettinodarte.cultura.gov.it\/index.php?rest_route=\/wp\/v2\/pages\/11294","targetHints":{"allow":["GET"]}}],"collection":[{"href":"https:\/\/bollettinodarte.cultura.gov.it\/index.php?rest_route=\/wp\/v2\/pages"}],"about":[{"href":"https:\/\/bollettinodarte.cultura.gov.it\/index.php?rest_route=\/wp\/v2\/types\/page"}],"author":[{"embeddable":true,"href":"https:\/\/bollettinodarte.cultura.gov.it\/index.php?rest_route=\/wp\/v2\/users\/1"}],"replies":[{"embeddable":true,"href":"https:\/\/bollettinodarte.cultura.gov.it\/index.php?rest_route=%2Fwp%2Fv2%2Fcomments&post=11294"}],"version-history":[{"count":10,"href":"https:\/\/bollettinodarte.cultura.gov.it\/index.php?rest_route=\/wp\/v2\/pages\/11294\/revisions"}],"predecessor-version":[{"id":13699,"href":"https:\/\/bollettinodarte.cultura.gov.it\/index.php?rest_route=\/wp\/v2\/pages\/11294\/revisions\/13699"}],"wp:attachment":[{"href":"https:\/\/bollettinodarte.cultura.gov.it\/index.php?rest_route=%2Fwp%2Fv2%2Fmedia&parent=11294"}],"wp:term":[{"taxonomy":"category","embeddable":true,"href":"https:\/\/bollettinodarte.cultura.gov.it\/index.php?rest_route=%2Fwp%2Fv2%2Fcategories&post=11294"},{"taxonomy":"post_tag","embeddable":true,"href":"https:\/\/bollettinodarte.cultura.gov.it\/index.php?rest_route=%2Fwp%2Fv2%2Ftags&post=11294"}],"curies":[{"name":"wp","href":"https:\/\/api.w.org\/{rel}","templated":true}]}}