{"id":11369,"date":"2023-09-12T14:47:25","date_gmt":"2023-09-12T12:47:25","guid":{"rendered":"https:\/\/bollettinodarte.cultura.gov.it\/?page_id=11369"},"modified":"2024-02-28T11:48:51","modified_gmt":"2024-02-28T10:48:51","slug":"paolo-liverani-giandomenico-spinola-le-vendite-pacetti-ai-musei-vaticani","status":"publish","type":"page","link":"https:\/\/bollettinodarte.cultura.gov.it\/?page_id=11369","title":{"rendered":"Paolo Liverani, Giandomenico Spinola: Le vendite Pacetti ai Musei Vaticani"},"content":{"rendered":"<div align=\"justify\">\n<p><strong>Estratto dal volume speciale <em><span style=\"font-size: 12pt;\">Vincenzo Pacetti, Roma, L\u2019europa all\u2019epoca del Grand Tour <\/span><\/em><span style=\"font-size: 12pt;\">(2017)<\/span><\/strong><\/p>\n<p>Il rapporto con i Musei Vaticani segna come un filo rosso l&#8217;intera vita professionale di Vincenzo Pacetti: grazie alla pubblicazione dei suoi Giornali acquista ora pi\u00f9 leggibilit\u00e0 tutta una serie di fonti dettagliate e inedite. A parte episodi minori, la vendita pi\u00f9 importante di Pacetti avvenne nell&#8217;ambito degli sforzi compiuti da papa Pio VII per rilanciare i musei pubblici di Roma dopo i sequestri dell&#8217;esercito francese. Nel 1804 diverse centinaia di sculture furono trasferite dalla bottega di Pacetti ai Musei Vaticani e gran parte di esse sono identificabili grazie agli inventari preparati per la vendita insieme ad alcuni documenti minori conservati presso l&#8217;Archivio di Stato di Roma e l&#8217;Archivio dei Musei Vaticani. Ulteriore aiuto viene dall&#8217;uso di segnare con il numero rosso \u201c19\u201d i marmi del lotto Pacetti, cifra che in molti casi \u00e8 ancora visibile. Le sculture pi\u00f9 importanti del Pacetti furono esposte nel Museo Chiaramonti e \u2013 dopo il 1821 \u2013 nel Braccio Nuovo, ma sono presenti significativi gruppi di sculture anche nell&#8217;Atrio dei Quattro Cancelli, nel vestibolo della Scala Simonetti, nella Galleria dei Candelabri e nella parte centrale del Cortile Ottagono. In alcuni casi fortunati gli inventari consentono di risalire anche al luogo del ritrovamento di alcuni marmi: Piazza di S. Callisto in Trastevere, Tivoli e \u2013 particolarmente interessante \u2013 lo scavo di Hamilton a Gabii.<\/p>\n<p>&nbsp;<\/p>\n<p style=\"text-align: center;\"><strong><em>The\u00a0Pacetti\u00a0Sale\u00a0to\u00a0the\u00a0Vatican\u00a0Museums<\/em><\/strong><\/p>\n<p>Vincenzo Pacetti\u2019s relationship with the Vatican Museum is a red line throughout his whole professional life: thanks to the publication of his Giornali, an entire series of detailed and unpublished sources now acquires greater legibility. Apart from minor episodes, the most important sale by Pacetti to the Vatican took place in the context of the efforts made by pope Pius VII to revive Rome\u2019s public museums after the confiscations by the French army. In 1804 several hundred sculptures were transferred from Pacetti\u2019s workshop to the Vatican Museum. Most of these can be identified thanks to the inventories that were prepared for the sale together with other, more minor documents in the Archivio di Stato di Roma and the Archives of the Vatican Museums. Also facilitating the research is the red number 19 that was used to mark the marbles in Pacetti\u2019s lot, a mark that in many cases is still visible. The most important sculptures from Pacetti were displayed in the Museo Chiaramonti and \u2014 after 1821 \u2014 in the Braccio Nuovo, although there are also significant numbers of statues in the Atrio dei Quattro Cancelli, the vestibule of the Scala Simonetti, the Galleria dei Candelabri and in the central part of the Cortile dell\u2019Ottagono. In a few lucky cases, the inventories provide provenances, for instance the San Callisto square in Trastevere, Tivoli and \u2014 of special inter\u00acest \u2014 Hamilton\u2019s excavation of Gabii.<\/p>\n<\/div>\n","protected":false},"excerpt":{"rendered":"<p>Estratto dal volume speciale Vincenzo Pacetti, Roma, L\u2019europa all\u2019epoca del Grand Tour (2017) Il rapporto con i Musei Vaticani segna come un filo rosso l&#8217;intera vita professionale di Vincenzo Pacetti: grazie alla pubblicazione dei suoi Giornali acquista ora pi\u00f9 leggibilit\u00e0 tutta una serie di fonti dettagliate e inedite.<\/p>\n","protected":false},"author":1,"featured_media":0,"parent":0,"menu_order":0,"comment_status":"closed","ping_status":"closed","template":"","meta":{"footnotes":""},"categories":[],"tags":[],"class_list":["post-11369","page","type-page","status-publish","hentry"],"_links":{"self":[{"href":"https:\/\/bollettinodarte.cultura.gov.it\/index.php?rest_route=\/wp\/v2\/pages\/11369","targetHints":{"allow":["GET"]}}],"collection":[{"href":"https:\/\/bollettinodarte.cultura.gov.it\/index.php?rest_route=\/wp\/v2\/pages"}],"about":[{"href":"https:\/\/bollettinodarte.cultura.gov.it\/index.php?rest_route=\/wp\/v2\/types\/page"}],"author":[{"embeddable":true,"href":"https:\/\/bollettinodarte.cultura.gov.it\/index.php?rest_route=\/wp\/v2\/users\/1"}],"replies":[{"embeddable":true,"href":"https:\/\/bollettinodarte.cultura.gov.it\/index.php?rest_route=%2Fwp%2Fv2%2Fcomments&post=11369"}],"version-history":[{"count":3,"href":"https:\/\/bollettinodarte.cultura.gov.it\/index.php?rest_route=\/wp\/v2\/pages\/11369\/revisions"}],"predecessor-version":[{"id":13082,"href":"https:\/\/bollettinodarte.cultura.gov.it\/index.php?rest_route=\/wp\/v2\/pages\/11369\/revisions\/13082"}],"wp:attachment":[{"href":"https:\/\/bollettinodarte.cultura.gov.it\/index.php?rest_route=%2Fwp%2Fv2%2Fmedia&parent=11369"}],"wp:term":[{"taxonomy":"category","embeddable":true,"href":"https:\/\/bollettinodarte.cultura.gov.it\/index.php?rest_route=%2Fwp%2Fv2%2Fcategories&post=11369"},{"taxonomy":"post_tag","embeddable":true,"href":"https:\/\/bollettinodarte.cultura.gov.it\/index.php?rest_route=%2Fwp%2Fv2%2Ftags&post=11369"}],"curies":[{"name":"wp","href":"https:\/\/api.w.org\/{rel}","templated":true}]}}