{"id":13550,"date":"2025-02-11T10:43:45","date_gmt":"2025-02-11T09:43:45","guid":{"rendered":"https:\/\/bollettinodarte.cultura.gov.it\/?page_id=13550"},"modified":"2025-02-11T15:48:31","modified_gmt":"2025-02-11T14:48:31","slug":"jacob-willer-a-reassessment-of-orazio-gentileschis-disregarded-frescoes-at-farfa-abbey","status":"publish","type":"page","link":"https:\/\/bollettinodarte.cultura.gov.it\/?page_id=13550","title":{"rendered":"Jacob Willer, A Reassessment of Orazio Gentileschi\u2019s Disregarded Frescoes at Farfa Abbey"},"content":{"rendered":"<p><strong>Estratto dal fascicolo 59-60 (luglio-dicembre 2023)<\/strong><\/p>\n<div align=\"justify\">\n<p>In 1597\u20131599, Orazio Gentileschi oversaw the decoration of three chapels at Farfa Abbey. It seems to have been the first time he was put in charge of such a project, so the works he left there should mark an important step in his career as an independent artist, moments before the new century when he would quickly move into Caravaggio\u2019s orbit. Yet, these decorations have routinely been disparaged and, as a result, poorly studied by scholars assuming that Gentileschi actually delegated most of the painting to a diverse team of assistants. There is no doubt that he used assistants at Farfa, who are even named in the documents. But, with reference to new photography, it is here argued that Gentileschi did as much as half of the frescoing himself. The proposed reattributions widen our understanding of the range of his artistic vocabulary early on; thus, they may give a clearer of sense of the sort of decisions he soon had to make, in order to carry his art forward.<\/p>\n<\/div>\n<p>&nbsp;<\/p>\n<div align=\"justify\">\n<p style=\"text-align: center;\"><strong><em>Una rivalutazione degli affreschi trascurati di Orazio Gentileschi nell\u2019Abbazia di Farfa<\/em><\/strong><\/p>\n<p>Tra il 1597 e il 1599 Orazio Gentileschi esegu\u00ec la decorazione di tre cappelle nell\u2019Abbazia di Farfa. Questa sembra essere stata la prima volta che gli fu affidato un progetto simile, quindi le opere che vi ha lasciato dovrebbero segnare un punto importante della sua carriera come artista indipendente. Pochi anni dopo, infatti, all\u2019inizio del secolo successivo, si sarebbe trasferito a lavorare nell\u2019orbita di Caravaggio. Eppure queste decorazioni sono state spesso denigrate e, di conseguenza, scarsamente studiate dagli esperti, i quali hanno presunto che Gentileschi abbia delegato la maggior parte del lavoro a un gruppo eterogeneo di assistenti. Non c&#8217;\u00e8 dubbio che il pittore si serv\u00ec di assistenti a Farfa, che sono anche citati nei documenti, ma nel presente contributo, con l\u2019aiuto di nuove foto, si sostiene che Gentileschi realizz\u00f2 almeno la met\u00e0 degli affreschi. Le riattribuzioni proposte ampliano la conoscenza del suo vocabolario artistico degli inizi e possono cos\u00ec dare un senso pi\u00f9 chiaro del tipo di decisioni che presto si trover\u00e0 a prendere, per portare avanti la propria arte.<\/p>\n<\/div>\n","protected":false},"excerpt":{"rendered":"<p>Estratto dal fascicolo 59-60 (luglio-dicembre 2023) In 1597\u20131599, Orazio Gentileschi oversaw the decoration of three chapels at Farfa Abbey.<\/p>\n","protected":false},"author":1,"featured_media":0,"parent":0,"menu_order":0,"comment_status":"closed","ping_status":"closed","template":"","meta":{"footnotes":""},"categories":[],"tags":[],"class_list":["post-13550","page","type-page","status-publish","hentry"],"_links":{"self":[{"href":"https:\/\/bollettinodarte.cultura.gov.it\/index.php?rest_route=\/wp\/v2\/pages\/13550","targetHints":{"allow":["GET"]}}],"collection":[{"href":"https:\/\/bollettinodarte.cultura.gov.it\/index.php?rest_route=\/wp\/v2\/pages"}],"about":[{"href":"https:\/\/bollettinodarte.cultura.gov.it\/index.php?rest_route=\/wp\/v2\/types\/page"}],"author":[{"embeddable":true,"href":"https:\/\/bollettinodarte.cultura.gov.it\/index.php?rest_route=\/wp\/v2\/users\/1"}],"replies":[{"embeddable":true,"href":"https:\/\/bollettinodarte.cultura.gov.it\/index.php?rest_route=%2Fwp%2Fv2%2Fcomments&post=13550"}],"version-history":[{"count":4,"href":"https:\/\/bollettinodarte.cultura.gov.it\/index.php?rest_route=\/wp\/v2\/pages\/13550\/revisions"}],"predecessor-version":[{"id":13614,"href":"https:\/\/bollettinodarte.cultura.gov.it\/index.php?rest_route=\/wp\/v2\/pages\/13550\/revisions\/13614"}],"wp:attachment":[{"href":"https:\/\/bollettinodarte.cultura.gov.it\/index.php?rest_route=%2Fwp%2Fv2%2Fmedia&parent=13550"}],"wp:term":[{"taxonomy":"category","embeddable":true,"href":"https:\/\/bollettinodarte.cultura.gov.it\/index.php?rest_route=%2Fwp%2Fv2%2Fcategories&post=13550"},{"taxonomy":"post_tag","embeddable":true,"href":"https:\/\/bollettinodarte.cultura.gov.it\/index.php?rest_route=%2Fwp%2Fv2%2Ftags&post=13550"}],"curies":[{"name":"wp","href":"https:\/\/api.w.org\/{rel}","templated":true}]}}