{"id":14031,"date":"2025-11-27T13:36:34","date_gmt":"2025-11-27T12:36:34","guid":{"rendered":"https:\/\/bollettinodarte.cultura.gov.it\/?page_id=14031"},"modified":"2026-04-28T11:28:55","modified_gmt":"2026-04-28T09:28:55","slug":"alessandro-angelini-fabio-chigi-e-la-cappella-di-famiglia-in-santa-maria-della-pace","status":"publish","type":"page","link":"https:\/\/bollettinodarte.cultura.gov.it\/?page_id=14031","title":{"rendered":"ALESSANDRO ANGELINI, FABIO CHIGI E LA CAPPELLA DI FAMIGLIA IN SANTA MARIA DELLA PACE"},"content":{"rendered":"<p align=\"justify\">Il contributo \u00e8 dedicato all\u2019impegno del senese Fabio Chigi per il restauro della cappella di famiglia in Santa Maria della Pace, ricostruibile attraverso le fonti e in particolare il carteggio da lui intrattenuto con il cugino di suo padre, Agostino Chigi, rettore dell\u2019Ospedale di Santa Maria della Scala a Siena, che lo sosteneva finanziariamente negli studi a Roma ed era assai sensibile ai valori artistici e alle memorie familiari. La partenza di Fabio per Ferrara nel 1629, con la missione di vice\u2013legato, non permise di portare avanti i lavori e si sarebbero dovuti attendere pi\u00f9 di vent\u2019anni per intervenire sulla cappella, garantendosi l\u2019impegno di Pietro da Cortona. Ma in quella fase \u2014 quando Fabio Chigi era gi\u00e0 stato eletto papa nel 1655 \u2014 il grande protagonista della pittura romana si sarebbe limitato a disegnare lo sportello del ciborio bronzeo per l\u2019altare della cappella, il cui modello sarebbe stato plasmato in creta da Cosimo Fancelli. Sotto l\u2019affresco di Raffaello con le celebri <em>Sibille<\/em> ai due lati della cappella sarebbero intervenuti altri due scultori romani della cerchia di Bernini, Antonio Raggi ed Ercole Ferrata, accanto allo stesso Fancelli. Cos\u00ec un intervento di restauro che era stato concepito in un primo momento in termini strettamente pittorici, si trasform\u00f2 in una nuova decorazione scultorea, molto indicativa delle propensioni pi\u00f9 recenti di Alessandro VII e della sua continua frequentazione con Bernini.<\/p>\n<p>&nbsp;<\/p>\n<p style=\"text-align: center;\"><em>Fabio Chigi and his family chapel in Santa Maria della Pace<\/em><\/p>\n<p align=\"justify\">Piecing together archive sources, the paper focuses on Fabio Chigi\u2019s pains to restore the family chapel in Santa Maria della Pace. Particularly useful is his correspondence with another member of the Sienese family of bankers, his father\u2019s cousin, Agostino Chigi, Rector of the Hospital of Santa Maria della Scala in Siena. At the time, Agostino was financing Fabio\u2019s studies in Rome. He was deeply sensitive to artistic ideals and his family\u2019s cultural heritage. In 1629 Fabio was dispatched to Ferrara, as vice\u2013legate, bringing work on the chapel to a halt. Fabio was elected Pope Alexander VII in 1655. More than twenty years on from when the restoration began, he called on Pietro da Cortona to finalise the project. Cortona, by now the great protagonist of Roman painting, limited himself in the chapel to designing the door of the bronze ciborium for the chapel altar. Cosimo Fancelli later sculpted a model in clay from his design. Two other Roman sculptors from Bernini\u2019s circle, Antonio Raggi and Ercole Ferrata, worked alongside Fancelli on the chapel. The restoration project for the chapel\u2019s embellishment, initially conceived along strictly pictorial lines, with Raphael\u2019s famous fresco of the <em>Sibyls<\/em> on either side of the chapel, shifted in emphasis to a more sculptural interpretation. This was highly indicative of the Pope\u2019s more recent inclinations and an ongoing association with Bernini.<\/p>\n<p align=\"justify\">\n","protected":false},"excerpt":{"rendered":"<p>Il contributo \u00e8 dedicato all\u2019impegno del senese Fabio Chigi per il restauro della cappella di famiglia in Santa Maria della Pace, ricostruibile attraverso le fonti e in particolare il carteggio da lui intrattenuto con il cugino di suo padre, Agostino Chigi, rettore dell\u2019Ospedale di Santa Maria della Scala a Siena, che lo sosteneva finanziariamente negli studi a Roma ed era assai sensibile ai valori artistici e alle memorie familiari.<\/p>\n","protected":false},"author":1,"featured_media":0,"parent":0,"menu_order":0,"comment_status":"closed","ping_status":"closed","template":"","meta":{"footnotes":""},"categories":[],"tags":[],"class_list":["post-14031","page","type-page","status-publish","hentry"],"_links":{"self":[{"href":"https:\/\/bollettinodarte.cultura.gov.it\/index.php?rest_route=\/wp\/v2\/pages\/14031","targetHints":{"allow":["GET"]}}],"collection":[{"href":"https:\/\/bollettinodarte.cultura.gov.it\/index.php?rest_route=\/wp\/v2\/pages"}],"about":[{"href":"https:\/\/bollettinodarte.cultura.gov.it\/index.php?rest_route=\/wp\/v2\/types\/page"}],"author":[{"embeddable":true,"href":"https:\/\/bollettinodarte.cultura.gov.it\/index.php?rest_route=\/wp\/v2\/users\/1"}],"replies":[{"embeddable":true,"href":"https:\/\/bollettinodarte.cultura.gov.it\/index.php?rest_route=%2Fwp%2Fv2%2Fcomments&post=14031"}],"version-history":[{"count":7,"href":"https:\/\/bollettinodarte.cultura.gov.it\/index.php?rest_route=\/wp\/v2\/pages\/14031\/revisions"}],"predecessor-version":[{"id":14345,"href":"https:\/\/bollettinodarte.cultura.gov.it\/index.php?rest_route=\/wp\/v2\/pages\/14031\/revisions\/14345"}],"wp:attachment":[{"href":"https:\/\/bollettinodarte.cultura.gov.it\/index.php?rest_route=%2Fwp%2Fv2%2Fmedia&parent=14031"}],"wp:term":[{"taxonomy":"category","embeddable":true,"href":"https:\/\/bollettinodarte.cultura.gov.it\/index.php?rest_route=%2Fwp%2Fv2%2Fcategories&post=14031"},{"taxonomy":"post_tag","embeddable":true,"href":"https:\/\/bollettinodarte.cultura.gov.it\/index.php?rest_route=%2Fwp%2Fv2%2Ftags&post=14031"}],"curies":[{"name":"wp","href":"https:\/\/api.w.org\/{rel}","templated":true}]}}

<p align="justify">Il contributo è dedicato all’impegno del senese Fabio Chigi per il restauro della cappella di famiglia in Santa Maria della Pace, ricostruibile attraverso le fonti e in particolare il carteggio da lui intrattenuto con il cugino di suo padre, Agostino Chigi, rettore dell’Ospedale di Santa Maria della Scala a Siena, che lo sosteneva finanziariamente negli studi a Roma ed era assai sensibile ai valori artistici e alle memorie familiari. La partenza di Fabio per Ferrara nel 1629, con la missione di vice–legato, non permise di portare avanti i lavori e si sarebbero dovuti attendere più di vent’anni per intervenire sulla cappella, garantendosi l’impegno di Pietro da Cortona. Ma in quella fase — quando Fabio Chigi era già stato eletto papa nel 1655 — il grande protagonista della pittura romana si sarebbe limitato a disegnare lo sportello del ciborio bronzeo per l’altare della cappella, il cui modello sarebbe stato plasmato in creta da Cosimo Fancelli. Sotto l’affresco di Raffaello con le celebri <em>Sibille</em> ai due lati della cappella sarebbero intervenuti altri due scultori romani della cerchia di Bernini, Antonio Raggi ed Ercole Ferrata, accanto allo stesso Fancelli. Così un intervento di restauro che era stato concepito in un primo momento in termini strettamente pittorici, si trasformò in una nuova decorazione scultorea, molto indicativa delle propensioni più recenti di Alessandro VII e della sua continua frequentazione con Bernini.</p>
<p>&nbsp;</p>
<p style="text-align: center;"><em>Fabio Chigi and his family chapel in Santa Maria della Pace</em></p>
<p align="justify">Piecing together archive sources, the paper focuses on Fabio Chigi’s pains to restore the family chapel in Santa Maria della Pace. Particularly useful is his correspondence with another member of the Sienese family of bankers, his father’s cousin, Agostino Chigi, Rector of the Hospital of Santa Maria della Scala in Siena. At the time, Agostino was financing Fabio’s studies in Rome. He was deeply sensitive to artistic ideals and his family’s cultural heritage. In 1629 Fabio was dispatched to Ferrara, as vice–legate, bringing work on the chapel to a halt. Fabio was elected Pope Alexander VII in 1655. More than twenty years on from when the restoration began, he called on Pietro da Cortona to finalise the project. Cortona, by now the great protagonist of Roman painting, limited himself in the chapel to designing the door of the bronze ciborium for the chapel altar. Cosimo Fancelli later sculpted a model in clay from his design. Two other Roman sculptors from Bernini’s circle, Antonio Raggi and Ercole Ferrata, worked alongside Fancelli on the chapel. The restoration project for the chapel’s embellishment, initially conceived along strictly pictorial lines, with Raphael’s famous fresco of the <em>Sibyls</em> on either side of the chapel, shifted in emphasis to a more sculptural interpretation. This was highly indicative of the Pope’s more recent inclinations and an ongoing association with Bernini.</p>
<p align="justify">

<p>Il contributo è dedicato all’impegno del senese Fabio Chigi per il restauro della cappella di famiglia in Santa Maria della Pace, ricostruibile attraverso le fonti e in particolare il carteggio da lui intrattenuto con il cugino di suo padre, Agostino Chigi, rettore dell’Ospedale di Santa Maria della Scala a Siena, che lo sosteneva finanziariamente negli studi a Roma ed era assai sensibile ai valori artistici e alle memorie familiari.</p>
