{"id":3766,"date":"2023-04-26T11:35:46","date_gmt":"2023-04-26T09:35:46","guid":{"rendered":"http:\/\/bollettinodarte.cultura.gov.it\/?page_id=3766"},"modified":"2024-03-06T10:37:58","modified_gmt":"2024-03-06T09:37:58","slug":"julian-gardner-the-tomb-of-the-cardinal-guillaume-de-bray-in-its-european-context-estratto-dal-volume-speciale-arnolfo-di-cambio-il-monumento-del-cardinale-guillaume-de-bray-dopo-il-restauro","status":"publish","type":"page","link":"https:\/\/bollettinodarte.cultura.gov.it\/?page_id=3766","title":{"rendered":"Julian Gardner: The Tomb Of The Cardinal Guillaume De Bray In Its European Context (Estratto Dal Volume Speciale: Arnolfo Di Cambio: Il Monumento Del Cardinale Guillaume De Bray Dopo Il Restauro)"},"content":{"rendered":"<div align=\"justify\">\n<h2><span style=\"font-size: 12pt;\"><strong>Estratto da volume <em>Arnolfo Di Cambio. Il monumento del Cardinal Guillaume De Bray dopo il restauro<\/em> (2009)<\/strong><\/span><\/h2>\n<\/div>\n<div align=\"justify\">L\u2019Autore esamina la tomba De Bray inserendola nella pi\u00f9 ampia prospettiva della diffusione di monumenti funerari tra XIII e XIV secolo. L\u2019idea della tomba non nacque collegata alla chiesa domenicana di Orvieto: il cardinale dette infatti nel suo testamento la pi\u00f9 ampia libert\u00e0 agli esecutori sia per quanto riguarda la scelta della chiesa che per la forma da adottare per il monumento. In quel periodo le chiese degli Ordini mendicanti andavano assumendo sempre maggiore importanza come luoghi di sepoltura per\u00a0\u00e9lites\u00a0sia religiose che laiche. In San Domenico di Orvieto gi\u00e0 esistevano alcune tombe importanti. Il fatto che tra gli esecutori testamentari di De Bray ci fosse Guillaume d\u2019Esse, legato alla casa reale angioina, pu\u00f2 spiegare la presenza degli stemmi d\u2019Angi\u00f2 sulla tomba. De Bray era caduto in disgrazia con Carlo I per aver appoggiato la scelta di un papa non francese. La presenza degli stemmi potrebbe voler dire che Carlo I si era placato e forse aveva contribuito alle spese per la tomba. Per quanto riguarda la fonte delle scelte tipologiche di Arnolfo nelle sue tombe, essa potrebbe essere rintracciata in Reims e nel suo territorio: l\u2019imitazione di monumenti precedenti era una pratica comune all\u2019epoca.<br \/>\nNella seconda met\u00e0 del \u2018200 tombe sempre pi\u00f9 imponenti di religiosi e di laici cominciarono a ingombrare le chiese. L\u2019intrusione di tombe sontuose nelle chiese degli Ordini mendicanti non era inizialmente prevista, ma sotto la pressione delle alte gerarchie ecclesiastiche essa fin\u00ec per essere sempre pi\u00f9 permessa; d\u2019altronde sempre pi\u00f9 frati degli Ordini mendicanti accedevano al vescovato e al cardinalato. Le tombe dei religiosi erano inizialmente in qualche modo pi\u00f9 discrete, e vi erano evitati riferimenti dinastici o genealogici alle famiglie, come eccessivi emblemi araldici. La tomba De Bray \u00e8 tra le prime ad ostentare stemmi in quantit\u00e0 e in posizione preminente. Le caratteristiche delle chiese dei Mendicanti e la necessit\u00e0 di spazi liberi per la preghiera port\u00f2 in Italia a sviluppare le tombe in altezza sulle pareti piuttosto che come blocchi monumentali cui girare intorno. Sia nella tomba Annibaldi che in quella De Bray Arnolfo adotta temi (il funerale o i chierici che assistono il morto) gi\u00e0 da tempo in uso nella scultura funebre europea, in particolare francese.Julian Gardner examines the De Bray tomb by placing it in the wider context of the diffusion of funerary monuments between the 13th and 14th century. The idea of the tomb did not arise in any immediate connection with the Dominican church in Orvieto: the cardinal in fact, in his testament, gave his executors complete discretion both in the choice of the church for his burial and the form to be adopted for his monument. In that period the churches of the Mendicant Orders were acquiring ever greater importance as burial places for both religious and secular \u00e9lites. Some important tombs already existed in San Domenico in Orvieto. The fact that De Bray\u2019s executors included Guillaume d\u2019Esse, related to the Anjevin royal house, may explain the presence of the Anjou coats of arms on the tomb. De Bray had fallen into disgrace with Charles I of Anjou because he had supported the election of a non\u2013French pope. The presence of the Anjevin coats of arms might imply that Charles had been placated or perhaps had contributed to the cost of the tomb. As regards Arnolfo\u2019s choice of tomb type, its source can perhaps be traced to Rheims and its territory: the imitation of previous monuments was a common practice in the period. In the second half of the 13th century ever more imposing tombs of prelates and laymen began to clutter churches. The intrusion of sumptuous tombs into churches linked to the Mendicant Orders had not initially been envisaged, but under the pressure of the upper ecclesiastical hierarchies became increasingly permitted; not least because ever more friars of the Mendicant Orders were being raised to the episcopate or to the college of cardinals. The tombs of members of the religious orders were initially in some way more discreet, and dynastic or genealogical references to the families of the deceased were eschewed, as excessive heraldic emblems. The tomb of De Bray was one of the first to include ostentatiously displayed coats of arms. The characteristics of churches of the Mendicants, and the need to create uncluttered space for worship, led in turn to the development in Italy of wall\u2013monuments, which were developed in height rather than in depth. So, tombs were no longer free\u2013standing monumental blocks that could be walked round, but erected against the perimeter wall. Both in the Annibaldi tomb and in that of De Bray, Arnolfo adopted iconographic themes (the funeral or the clerics mourning the deceased) that had long been used in European funerary sculpture, particularly in France.<\/p>\n<\/div>\n","protected":false},"excerpt":{"rendered":"<p>Estratto da volume Arnolfo Di Cambio. Il monumento del Cardinal Guillaume De Bray dopo il restauro (2009) L\u2019Autore esamina la tomba De Bray inserendola nella pi\u00f9 ampia prospettiva della diffusione di monumenti funerari tra XIII e XIV secolo.<\/p>\n","protected":false},"author":1,"featured_media":0,"parent":0,"menu_order":0,"comment_status":"closed","ping_status":"closed","template":"","meta":{"footnotes":""},"categories":[],"tags":[],"class_list":["post-3766","page","type-page","status-publish","hentry"],"_links":{"self":[{"href":"https:\/\/bollettinodarte.cultura.gov.it\/index.php?rest_route=\/wp\/v2\/pages\/3766","targetHints":{"allow":["GET"]}}],"collection":[{"href":"https:\/\/bollettinodarte.cultura.gov.it\/index.php?rest_route=\/wp\/v2\/pages"}],"about":[{"href":"https:\/\/bollettinodarte.cultura.gov.it\/index.php?rest_route=\/wp\/v2\/types\/page"}],"author":[{"embeddable":true,"href":"https:\/\/bollettinodarte.cultura.gov.it\/index.php?rest_route=\/wp\/v2\/users\/1"}],"replies":[{"embeddable":true,"href":"https:\/\/bollettinodarte.cultura.gov.it\/index.php?rest_route=%2Fwp%2Fv2%2Fcomments&post=3766"}],"version-history":[{"count":5,"href":"https:\/\/bollettinodarte.cultura.gov.it\/index.php?rest_route=\/wp\/v2\/pages\/3766\/revisions"}],"predecessor-version":[{"id":13209,"href":"https:\/\/bollettinodarte.cultura.gov.it\/index.php?rest_route=\/wp\/v2\/pages\/3766\/revisions\/13209"}],"wp:attachment":[{"href":"https:\/\/bollettinodarte.cultura.gov.it\/index.php?rest_route=%2Fwp%2Fv2%2Fmedia&parent=3766"}],"wp:term":[{"taxonomy":"category","embeddable":true,"href":"https:\/\/bollettinodarte.cultura.gov.it\/index.php?rest_route=%2Fwp%2Fv2%2Fcategories&post=3766"},{"taxonomy":"post_tag","embeddable":true,"href":"https:\/\/bollettinodarte.cultura.gov.it\/index.php?rest_route=%2Fwp%2Fv2%2Ftags&post=3766"}],"curies":[{"name":"wp","href":"https:\/\/api.w.org\/{rel}","templated":true}]}}