{"id":3814,"date":"2023-04-26T11:57:42","date_gmt":"2023-04-26T09:57:42","guid":{"rendered":"http:\/\/bollettinodarte.cultura.gov.it\/?page_id=3814"},"modified":"2025-02-17T10:17:27","modified_gmt":"2025-02-17T09:17:27","slug":"lorenzo-lazzarini-il-monumento-de-bray-nella-chiesa-di-san-domenico-ad-orvieto-identificazione-dellorigine-del-marmo-delle-sculture-estratto-dal-volume-speciale-arnolfo-di-cambio-il-monu","status":"publish","type":"page","link":"https:\/\/bollettinodarte.cultura.gov.it\/?page_id=3814","title":{"rendered":"Lorenzo Lazzarini: Il Monumento De Bray Nella Chiesa Di San Domenico Ad Orvieto. Identificazione Dell\u2019origine Del Marmo Delle Sculture (Estratto Dal Volume Speciale: Arnolfo Di Cambio: Il Monumento Del Cardinale Guillaume De Bray Dopo Il Restauro)"},"content":{"rendered":"<h2><span style=\"font-size: 12pt;\"><strong>Estratto da volume <em>Arnolfo Di Cambio. Il monumento del Cardinal Guillaume De Bray dopo il restauro<\/em> (2009)<\/strong><\/span><\/h2>\n<p align=\"justify\">Lorenzo Lazzarini e Marisa Laurenzi Tabasso si sono occupati\u00a0rispettivamente dell\u2019analisi delle malte e dello studio dei marmi e della loro provenienza. La Tabasso ha raggruppato in cinque classi le malte analizzate, contribuendo cos\u00ec alla comprensione della storia conservativa del monumento. Lazzarini ha potuto concludere che la maggior parte dei marmi \u00e8 costituita da marmo lunense dalle cave di Carrara; solo due marmi, quello della statua della Madonna e il listello sopra la camera del giacente sono di marmo proconnesio (Turchia), largamente usato in et\u00e0 romana. Poich\u00e9 \u00e8 stata provata la provenienza di spoglio di parte del materiale, ipotizza che i marmi usati appartenessero in gran parte ad un monumento antico riutilizzato.<\/p>\n<p>&nbsp;<\/p>\n<p align=\"justify\">Lorenzo Lazzarini and Marisa Laurenzi Tabasso\u00a0deal respectively with the analysis of the mortars and the study of the marbles and their provenance. Tabasso subdivided the mortars analyzed into five classes, thus contributing significantly to an understanding of the conservational history of the monument. Lazzarini was able to conclude that the marbles used in the tomb consist preponderantly of Luni marble from the quarries of Carrara; only two marbles, that of the statue of the Madonna and the ledge above the chamber with the gisant are of Preconnesian marble (from Turkey), widely used in the Roman period. Since the provenance of part of the material as spolia has been proved, Lazarrini argues that the marbles used belonged in large part to a reutilized ancient monument.<\/p>\n","protected":false},"excerpt":{"rendered":"<p>Estratto da volume Arnolfo Di Cambio. Il monumento del Cardinal Guillaume De Bray dopo il restauro (2009) Lorenzo Lazzarini e Marisa Laurenzi Tabasso si sono occupati\u00a0rispettivamente dell\u2019analisi delle malte e dello studio dei marmi e della loro provenienza.<\/p>\n","protected":false},"author":1,"featured_media":0,"parent":0,"menu_order":0,"comment_status":"closed","ping_status":"closed","template":"","meta":{"footnotes":""},"categories":[],"tags":[],"class_list":["post-3814","page","type-page","status-publish","hentry"],"_links":{"self":[{"href":"https:\/\/bollettinodarte.cultura.gov.it\/index.php?rest_route=\/wp\/v2\/pages\/3814","targetHints":{"allow":["GET"]}}],"collection":[{"href":"https:\/\/bollettinodarte.cultura.gov.it\/index.php?rest_route=\/wp\/v2\/pages"}],"about":[{"href":"https:\/\/bollettinodarte.cultura.gov.it\/index.php?rest_route=\/wp\/v2\/types\/page"}],"author":[{"embeddable":true,"href":"https:\/\/bollettinodarte.cultura.gov.it\/index.php?rest_route=\/wp\/v2\/users\/1"}],"replies":[{"embeddable":true,"href":"https:\/\/bollettinodarte.cultura.gov.it\/index.php?rest_route=%2Fwp%2Fv2%2Fcomments&post=3814"}],"version-history":[{"count":5,"href":"https:\/\/bollettinodarte.cultura.gov.it\/index.php?rest_route=\/wp\/v2\/pages\/3814\/revisions"}],"predecessor-version":[{"id":13640,"href":"https:\/\/bollettinodarte.cultura.gov.it\/index.php?rest_route=\/wp\/v2\/pages\/3814\/revisions\/13640"}],"wp:attachment":[{"href":"https:\/\/bollettinodarte.cultura.gov.it\/index.php?rest_route=%2Fwp%2Fv2%2Fmedia&parent=3814"}],"wp:term":[{"taxonomy":"category","embeddable":true,"href":"https:\/\/bollettinodarte.cultura.gov.it\/index.php?rest_route=%2Fwp%2Fv2%2Fcategories&post=3814"},{"taxonomy":"post_tag","embeddable":true,"href":"https:\/\/bollettinodarte.cultura.gov.it\/index.php?rest_route=%2Fwp%2Fv2%2Ftags&post=3814"}],"curies":[{"name":"wp","href":"https:\/\/api.w.org\/{rel}","templated":true}]}}