{"id":3966,"date":"2023-04-26T14:53:12","date_gmt":"2023-04-26T12:53:12","guid":{"rendered":"http:\/\/bollettinodarte.cultura.gov.it\/?page_id=3966"},"modified":"2024-02-26T12:06:36","modified_gmt":"2024-02-26T11:06:36","slug":"progetti-e-disegni-di-adalberto-libera-dagli-archivi-comunali","status":"publish","type":"page","link":"https:\/\/bollettinodarte.cultura.gov.it\/?page_id=3966","title":{"rendered":"Progetti E Disegni Di Adalberto Libera Dagli Archivi Comunali"},"content":{"rendered":"<div align=\"justify\">\n<h2><span style=\"font-size: 12pt;\">Estratto dal volume speciale <em>Ostia. Architettura e citt\u00e0 in cento anni di storia<\/em> (2020)<\/span><\/h2>\n<\/div>\n<div align=\"justify\">Le ricerche condotte presso gli archivi del Comune di Roma hanno portato alla luce una cospicua quantit\u00e0 di materiale (quasi totalmente inedito) sull\u2019attivit\u00e0 progettuale di Adalberto Libera a Ostia Lido. Attraverso l\u2019esame della documentazione prodotta al Governatorato dalla Societ\u00e0 Immobiliare Tirrena \u00e8 stato possibile ricostruire le fasi cronologiche di costruzione e, soprattutto, l\u2019iter compositivo, delle palazzine gemelle realizzate sul viale della Vittoria e dei villini tipo A e\u00a0\u00a0tipo B eretti sul lungomare Duilio. Il confronto tra i numerosi elaborati grafici presenti nei fascicoli dimostra in effetti come l\u2019attuale\u00a0<em>facies<\/em>\u00a0di queste architetture derivi da una serie di modifiche, anche sostanziali, della proposta iniziale, alcune delle quali eseguite in corso d\u2019opera.<br \/>\nNella relazione verranno inoltre presentati altri due progetti di Libera dei quali fino a oggi si ignorava l\u2019esistenza. Il primo \u00e8 quasi una curiosit\u00e0, perch\u00e9 risale al 1929 e riguarda la sopraelevazione e la modifica \u201cin stile\u201d dei prospetti di un villino preesistente. Il secondo, invece, \u00e8 relativo alla progettazione di un altro edificio per la Societ\u00e0 Immobiliare Tirrena, contemporaneo ai quattro effettivamente realizzati e che, sebbene venga approvato dalla Commissione Edilizia, rimane purtroppo solo sulla carta.<\/div>\n<div align=\"center\">\n<div align=\"justify\">\n<div align=\"center\">\n<p>&nbsp;<\/p>\n<p><strong>Planning projects and designs by Adalberto Libera in the council archives<\/strong><\/p>\n<div align=\"justify\">Analysis of documents in Rome City Council\u2019s\u00a0(<em>Archivio Storico Capitolino<\/em>)\u00a0offices has brought to light a substantial amount of records about Adalberto Libera\u2019s plans for Ostia Lido, most of them as yet unpublished. Documents of the governing body of the Tirrena construction company have revealed the chronological phases of the construction of the twin blocks on Viale della Vittoria, and the type A and B townhouses built along the Duilio seafront. Most of all they unveil the various steps taken during their construction. When comparing the numerous site plans present in the folder it\u2019s clear that the present day appearance of the buildings is the result of a series of modifications, some major, to the original project, some of which were put in act as the building was going up.<br \/>\nThe paper covers a further two previously unknown of Libera\u2019s projects. The first is almost nothing more than a curiosity. It is dated 1929 and concerns the canted facade of a standing building and its modification \u201cin style\u201d. The second is a project for another building for the Tirrena construction company. It dates to the same period as the other four that were actually finished, but this one, in spite of having planning permission, sadly remained on the drawing boar.<\/div>\n<\/div>\n<\/div>\n<\/div>\n","protected":false},"excerpt":{"rendered":"<p>Estratto dal volume speciale Ostia. Architettura e citt\u00e0 in cento anni di storia (2020) Le ricerche condotte presso gli archivi del Comune di Roma hanno portato alla luce una cospicua quantit\u00e0 di materiale (quasi totalmente inedito) sull\u2019attivit\u00e0 progettuale di Adalberto Libera a Ostia Lido.<\/p>\n","protected":false},"author":1,"featured_media":0,"parent":0,"menu_order":0,"comment_status":"closed","ping_status":"closed","template":"","meta":{"footnotes":""},"categories":[],"tags":[],"class_list":["post-3966","page","type-page","status-publish","hentry"],"_links":{"self":[{"href":"https:\/\/bollettinodarte.cultura.gov.it\/index.php?rest_route=\/wp\/v2\/pages\/3966","targetHints":{"allow":["GET"]}}],"collection":[{"href":"https:\/\/bollettinodarte.cultura.gov.it\/index.php?rest_route=\/wp\/v2\/pages"}],"about":[{"href":"https:\/\/bollettinodarte.cultura.gov.it\/index.php?rest_route=\/wp\/v2\/types\/page"}],"author":[{"embeddable":true,"href":"https:\/\/bollettinodarte.cultura.gov.it\/index.php?rest_route=\/wp\/v2\/users\/1"}],"replies":[{"embeddable":true,"href":"https:\/\/bollettinodarte.cultura.gov.it\/index.php?rest_route=%2Fwp%2Fv2%2Fcomments&post=3966"}],"version-history":[{"count":13,"href":"https:\/\/bollettinodarte.cultura.gov.it\/index.php?rest_route=\/wp\/v2\/pages\/3966\/revisions"}],"predecessor-version":[{"id":12940,"href":"https:\/\/bollettinodarte.cultura.gov.it\/index.php?rest_route=\/wp\/v2\/pages\/3966\/revisions\/12940"}],"wp:attachment":[{"href":"https:\/\/bollettinodarte.cultura.gov.it\/index.php?rest_route=%2Fwp%2Fv2%2Fmedia&parent=3966"}],"wp:term":[{"taxonomy":"category","embeddable":true,"href":"https:\/\/bollettinodarte.cultura.gov.it\/index.php?rest_route=%2Fwp%2Fv2%2Fcategories&post=3966"},{"taxonomy":"post_tag","embeddable":true,"href":"https:\/\/bollettinodarte.cultura.gov.it\/index.php?rest_route=%2Fwp%2Fv2%2Ftags&post=3966"}],"curies":[{"name":"wp","href":"https:\/\/api.w.org\/{rel}","templated":true}]}}