{"id":5661,"date":"2023-05-31T13:19:16","date_gmt":"2023-05-31T11:19:16","guid":{"rendered":"http:\/\/bollettinodarte.cultura.gov.it\/?page_id=5661"},"modified":"2023-11-03T10:54:22","modified_gmt":"2023-11-03T09:54:22","slug":"livia-velani-la-pittura-bianca-e-il-mio-marmo-cy-twombly-estratto-dal-fasc-5","status":"publish","type":"page","link":"https:\/\/bollettinodarte.cultura.gov.it\/?page_id=5661","title":{"rendered":"Livia Velani: \u201cLa pittura bianca \u00e8 il mio marmo\u201d (Cy Twombly)"},"content":{"rendered":"<p align=\"justify\"><strong>Estratto dal fascicolo 5 (gennaio-marzo 2010)<\/strong><\/p>\n<p align=\"justify\">A seguito della mostra che la Galleria Nazionale d\u2019Arte Moderna di Roma ha dedicato a Cy Twombly nel 2009 , l\u2019Autore ripercorre il rapporto dell\u2019 artista\u00a0americano con Roma, iniziato col primo viaggio nel 1952 e che tuttora persiste (Twombly ha scelto Roma come sua dimora abituale). Anche se non emerge immediatamente dalla sua trama di segni grafici, l\u2019artista afferma di trovare ispirazione nello studio dell\u2019antichit\u00e0 e del paesaggio classico. L\u2019Autore rintraccia poi tra le sorgenti dell\u2019arte di Twombly la graduale abolizione della prospettiva e della profondit\u00e0 spaziale che caratterizza gran parte della pittura americana a partire gi\u00e0 dalla fine dell\u2019Ottocento, ma soprattutto nelle soluzioni di alcuni artisti che precedono la Pop Art , e nella tendenza a superfici sempre pi\u00f9 ampie dove l\u2019uso del colore\u00a0\u00e8 libero e dinamico. Altra componente\u00a0\u00e8 l\u2019amore per la scrittura e la letteratura: lo stesso artista paragona i suoi dipinti alle pagine di un libro. Ma a differenza del montaggio\u00a0di parole e frammenti stampati, anche se decontestualizzati, di tanta arte del Novecento, Twombly preferisce una scrittura pi\u00f9 elusiva e criptica, che spesso \u00e8 un tracciato di segni con una ritmica musicale, talvolta ha la semplicit\u00e0 elementare del disegno infantile. L\u2019articolo accenna anche brevemente all\u2019attivit\u00e0 di Twombly scultore, rimasta quasi sconosciuta fino agli inizi degli anni \u201990.<\/p>\n<p>&nbsp;<\/p>\n<p style=\"text-align: center;\"><strong>\u201cWhite paint is my marble\u201d (Cy Twombly)<\/strong><\/p>\n<p align=\"justify\">Following the exhibition dedicated to Cy Twombly at the Galleria Nazionale d\u2019Arte Moderna in Rome in 2009, the author reviews the long\u2013standing relation of the American artist with Rome, which began with his first visit to the city in 1952 and which still continues (Twombly has chosen Rome as his permanent home). Even if not immediately apparent from the graphic signs, the dense linear patterning of his paintings and drawings, the artist says he finds inspiration in the study of classical antiquities and classical landscapes. The author further identifies among the sources of Twombly\u2019s art the gradual abolition of perspective and spatial depth that characterises a large part of American painting from the late nineteenth century onwards. But she especially identifies an important source for his art in the experiments of some artists who preceded Pop Art and in the tendency to the free and dynamic application of colour over increasingly large surfaces. Another component is Twombly\u2019s love for writing and literature: the artist himself compares his paintings to pages in a book. But in contrast to the collage of words and printed fragments, even if decontextualized, of so much art of the twentieth century, Twombly prefers a more elusive and cryptic form of writing, which is often like a tracing of signs with a musical rhythm; at times it has the elementary simplicity of a child\u2019s drawing. The article also briefly mentions Twombly\u2019s activity as a sculptor, an area of his work that remained virtually unknown until the early 1990s.<\/p>\n","protected":false},"excerpt":{"rendered":"<p>Estratto dal fascicolo 5 (gennaio-marzo 2010) A seguito della mostra che la Galleria Nazionale d\u2019Arte Moderna di Roma ha dedicato a Cy Twombly nel 2009 , l\u2019Autore ripercorre il rapporto dell\u2019 artista\u00a0americano con Roma, iniziato col primo viaggio nel 1952 e che tuttora persiste (Twombly ha scelto Roma come sua dimora abituale).<\/p>\n","protected":false},"author":1,"featured_media":0,"parent":0,"menu_order":0,"comment_status":"closed","ping_status":"closed","template":"","meta":{"footnotes":""},"categories":[],"tags":[],"class_list":["post-5661","page","type-page","status-publish","hentry"],"_links":{"self":[{"href":"https:\/\/bollettinodarte.cultura.gov.it\/index.php?rest_route=\/wp\/v2\/pages\/5661","targetHints":{"allow":["GET"]}}],"collection":[{"href":"https:\/\/bollettinodarte.cultura.gov.it\/index.php?rest_route=\/wp\/v2\/pages"}],"about":[{"href":"https:\/\/bollettinodarte.cultura.gov.it\/index.php?rest_route=\/wp\/v2\/types\/page"}],"author":[{"embeddable":true,"href":"https:\/\/bollettinodarte.cultura.gov.it\/index.php?rest_route=\/wp\/v2\/users\/1"}],"replies":[{"embeddable":true,"href":"https:\/\/bollettinodarte.cultura.gov.it\/index.php?rest_route=%2Fwp%2Fv2%2Fcomments&post=5661"}],"version-history":[{"count":12,"href":"https:\/\/bollettinodarte.cultura.gov.it\/index.php?rest_route=\/wp\/v2\/pages\/5661\/revisions"}],"predecessor-version":[{"id":5827,"href":"https:\/\/bollettinodarte.cultura.gov.it\/index.php?rest_route=\/wp\/v2\/pages\/5661\/revisions\/5827"}],"wp:attachment":[{"href":"https:\/\/bollettinodarte.cultura.gov.it\/index.php?rest_route=%2Fwp%2Fv2%2Fmedia&parent=5661"}],"wp:term":[{"taxonomy":"category","embeddable":true,"href":"https:\/\/bollettinodarte.cultura.gov.it\/index.php?rest_route=%2Fwp%2Fv2%2Fcategories&post=5661"},{"taxonomy":"post_tag","embeddable":true,"href":"https:\/\/bollettinodarte.cultura.gov.it\/index.php?rest_route=%2Fwp%2Fv2%2Ftags&post=5661"}],"curies":[{"name":"wp","href":"https:\/\/api.w.org\/{rel}","templated":true}]}}