{"id":8125,"date":"2023-07-18T12:09:04","date_gmt":"2023-07-18T10:09:04","guid":{"rendered":"http:\/\/bollettinodarte.cultura.gov.it\/?page_id=8125"},"modified":"2023-11-03T11:26:01","modified_gmt":"2023-11-03T10:26:01","slug":"daniele-guernelli-considerazioni-su-giovanni-battista-cavalletto-e-la-miniatura-bolognese-tra-quattro-e-cinquecento","status":"publish","type":"page","link":"https:\/\/bollettinodarte.cultura.gov.it\/?page_id=8125","title":{"rendered":"Daniele Guernelli: considerazioni su Giovanni Battista Cavalletto e la miniatura bolognese tra Quattro e Cinquecento"},"content":{"rendered":"<div align=\"justify\">\n<p><strong>Estratto dal fascicolo 9 (gennaio-marzo 2011)<\/strong><\/p>\n<p>Identificabile grazie ad un&#8217;unica opera firmata, gli\u00a0<em>Statuti e Matricola della Societ\u00e0 dei Drappieri<\/em>\u00a0del 1523 (Bologna, Museo Civico Medievale, ms. 646), la figura di Giovanni Battista Cavalletto rappresent\u00f2 per pi\u00f9 di un quarantennio un punto fermo della miniatura bolognese all\u2019epoca della maniera moderna, dimostrando una non frequente capacit\u00e0 di adattamento agli stimoli artistici provenienti da dentro e fuori la citt\u00e0 felsinea. Inizialmente influenzato dall\u2019arte di Ercole de Roberti, come evidente nel\u00a0<em>Libro d\u2019Ore Vitali<\/em>\u00a0(Bologna, Biblioteca Universitaria, ms. 1829) e nel\u00a0<em>Liber Pontificalis<\/em>\u00a0stampato a Roma da Stephani Plannck il 20 dicembre 1485 (Bologna, Biblioteca Universitaria, Inc. A. V. KK. V), entrambi qui pubblicati per la prima volta, il miniatore fu presto affascinato dalla grande decorazione libraria veneta, di cui nel contributo si mettono in evidenza i numerosi elementi di connessione con Bologna. Tramite le sue committenze mantovane ed estensi il Cavalletto seppe inoltre accogliere spunti mantegneschi, che conseguentemente ai suoi soggiorni romani furono affiancati da quelli tratti da Raffaello, di cui divenne uno dei primi diffusori in pianura padana. Elabor\u00f2 cos\u00ec un linguaggio colto ma narrativo che conquist\u00f2 la citt\u00e0 felsinea grazie anche a opere come le inedite\u00a0<em>Costituzioni dell\u2019ordine Olivetano<\/em>\u00a0(Bologna, Biblioteca Universitaria, ms. 1560), che imposero una tipologia di fregi che divenne caratteristica di tutta la produzione miniata bolognese della prima met\u00e0 del XVI secolo. La vicenda del Cavalletto permette quindi all\u2019autore di soffermarsi su alcune delle questioni chiave della decorazione libraria di questo periodo, con nuove proposte attributive e interpretazioni.<\/p>\n<\/div>\n<p>&nbsp;<\/p>\n<p style=\"text-align: center;\"><strong><br \/>\n<\/strong><strong>A re\u2013consideration of Giovanni Battista Cavalletto and Bolognese illumination between the fifteenth and sixteenth centuries<\/strong><\/p>\n<div align=\"justify\">Identifiable thanks to a single signed work, the Statuti e Matricola della Societ\u00e0 dei Drappieri of 1523 (Bologna, Museo Civico Medievale, ms. 646), Giovanni Battista Cavalletto represented for over forty years a firm point in Bolognese illumination in the period of the maniera mo-derna, demonstrating a rare capacity of adaptation to the artistic stimuli coming from both within and without the Emilian city. Initially influenced by the art of Ercole de Roberti, as evident in the Libro d\u2019Ore Vitali (Bologna, Biblioteca Universitaria, ms. 1829) and in the Liber Pontificalis printed in Rome by Stephani Plannck on 20 December 1485 (Bologna, Biblioteca Universitaria, Inc. A. V. KK. V), both published here for the first time, the miniaturist soon fell under the spell of the magnificent Venetian book decoration of the period, whose many links with Bologna are pointed out in this article. Thanks to his patronage by the courts of Mantua and Ferrara, Cavalletto also assimilated influences from Mantegna, which following his periods of residence in Rome were complemented by those he had derived from Raphael, of whom he became one of the first propagators in the Po valley. He thus developed a cultivated narrative style that conquered Bologna also thanks to such works as the unpublished Costituzioni dell\u2019ordine Olivetano (Bologna, Biblioteca Universitaria, ms. 1560), which introduced a type of decorative frieze that became prescriptive for Bolognese miniature painting as a whole in the first half of the sixteenth century. Cavalletto\u2019s career as an illuminator then leads the author to expatiate on some key questions of book decoration of this period and to propose a series of new attributional proposals and interpretations.<\/div>\n","protected":false},"excerpt":{"rendered":"<p>Estratto dal fascicolo 9 (gennaio-marzo 2011) Identificabile grazie ad un&#8217;unica opera firmata, gli\u00a0Statuti e Matricola della Societ\u00e0 dei Drappieri\u00a0del 1523 (Bologna, Museo Civico Medievale, ms.<\/p>\n","protected":false},"author":1,"featured_media":0,"parent":0,"menu_order":0,"comment_status":"closed","ping_status":"closed","template":"","meta":{"footnotes":""},"categories":[],"tags":[],"class_list":["post-8125","page","type-page","status-publish","hentry"],"_links":{"self":[{"href":"https:\/\/bollettinodarte.cultura.gov.it\/index.php?rest_route=\/wp\/v2\/pages\/8125","targetHints":{"allow":["GET"]}}],"collection":[{"href":"https:\/\/bollettinodarte.cultura.gov.it\/index.php?rest_route=\/wp\/v2\/pages"}],"about":[{"href":"https:\/\/bollettinodarte.cultura.gov.it\/index.php?rest_route=\/wp\/v2\/types\/page"}],"author":[{"embeddable":true,"href":"https:\/\/bollettinodarte.cultura.gov.it\/index.php?rest_route=\/wp\/v2\/users\/1"}],"replies":[{"embeddable":true,"href":"https:\/\/bollettinodarte.cultura.gov.it\/index.php?rest_route=%2Fwp%2Fv2%2Fcomments&post=8125"}],"version-history":[{"count":5,"href":"https:\/\/bollettinodarte.cultura.gov.it\/index.php?rest_route=\/wp\/v2\/pages\/8125\/revisions"}],"predecessor-version":[{"id":11985,"href":"https:\/\/bollettinodarte.cultura.gov.it\/index.php?rest_route=\/wp\/v2\/pages\/8125\/revisions\/11985"}],"wp:attachment":[{"href":"https:\/\/bollettinodarte.cultura.gov.it\/index.php?rest_route=%2Fwp%2Fv2%2Fmedia&parent=8125"}],"wp:term":[{"taxonomy":"category","embeddable":true,"href":"https:\/\/bollettinodarte.cultura.gov.it\/index.php?rest_route=%2Fwp%2Fv2%2Fcategories&post=8125"},{"taxonomy":"post_tag","embeddable":true,"href":"https:\/\/bollettinodarte.cultura.gov.it\/index.php?rest_route=%2Fwp%2Fv2%2Ftags&post=8125"}],"curies":[{"name":"wp","href":"https:\/\/api.w.org\/{rel}","templated":true}]}}

<div align="justify">
<p><strong>Estratto dal fascicolo 9 (gennaio-marzo 2011)</strong></p>
<p>Identificabile grazie ad un&#8217;unica opera firmata, gli <em>Statuti e Matricola della Società dei Drappieri</em> del 1523 (Bologna, Museo Civico Medievale, ms. 646), la figura di Giovanni Battista Cavalletto rappresentò per più di un quarantennio un punto fermo della miniatura bolognese all’epoca della maniera moderna, dimostrando una non frequente capacità di adattamento agli stimoli artistici provenienti da dentro e fuori la città felsinea. Inizialmente influenzato dall’arte di Ercole de Roberti, come evidente nel <em>Libro d’Ore Vitali</em> (Bologna, Biblioteca Universitaria, ms. 1829) e nel <em>Liber Pontificalis</em> stampato a Roma da Stephani Plannck il 20 dicembre 1485 (Bologna, Biblioteca Universitaria, Inc. A. V. KK. V), entrambi qui pubblicati per la prima volta, il miniatore fu presto affascinato dalla grande decorazione libraria veneta, di cui nel contributo si mettono in evidenza i numerosi elementi di connessione con Bologna. Tramite le sue committenze mantovane ed estensi il Cavalletto seppe inoltre accogliere spunti mantegneschi, che conseguentemente ai suoi soggiorni romani furono affiancati da quelli tratti da Raffaello, di cui divenne uno dei primi diffusori in pianura padana. Elaborò così un linguaggio colto ma narrativo che conquistò la città felsinea grazie anche a opere come le inedite <em>Costituzioni dell’ordine Olivetano</em> (Bologna, Biblioteca Universitaria, ms. 1560), che imposero una tipologia di fregi che divenne caratteristica di tutta la produzione miniata bolognese della prima metà del XVI secolo. La vicenda del Cavalletto permette quindi all’autore di soffermarsi su alcune delle questioni chiave della decorazione libraria di questo periodo, con nuove proposte attributive e interpretazioni.</p>
</div>
<p>&nbsp;</p>
<p style="text-align: center;"><strong><br />
</strong><strong>A re–consideration of Giovanni Battista Cavalletto and Bolognese illumination between the fifteenth and sixteenth centuries</strong></p>
<div align="justify">Identifiable thanks to a single signed work, the Statuti e Matricola della Società dei Drappieri of 1523 (Bologna, Museo Civico Medievale, ms. 646), Giovanni Battista Cavalletto represented for over forty years a firm point in Bolognese illumination in the period of the maniera mo-derna, demonstrating a rare capacity of adaptation to the artistic stimuli coming from both within and without the Emilian city. Initially influenced by the art of Ercole de Roberti, as evident in the Libro d’Ore Vitali (Bologna, Biblioteca Universitaria, ms. 1829) and in the Liber Pontificalis printed in Rome by Stephani Plannck on 20 December 1485 (Bologna, Biblioteca Universitaria, Inc. A. V. KK. V), both published here for the first time, the miniaturist soon fell under the spell of the magnificent Venetian book decoration of the period, whose many links with Bologna are pointed out in this article. Thanks to his patronage by the courts of Mantua and Ferrara, Cavalletto also assimilated influences from Mantegna, which following his periods of residence in Rome were complemented by those he had derived from Raphael, of whom he became one of the first propagators in the Po valley. He thus developed a cultivated narrative style that conquered Bologna also thanks to such works as the unpublished Costituzioni dell’ordine Olivetano (Bologna, Biblioteca Universitaria, ms. 1560), which introduced a type of decorative frieze that became prescriptive for Bolognese miniature painting as a whole in the first half of the sixteenth century. Cavalletto’s career as an illuminator then leads the author to expatiate on some key questions of book decoration of this period and to propose a series of new attributional proposals and interpretations.</div>

<p>Estratto dal fascicolo 9 (gennaio-marzo 2011) Identificabile grazie ad un&#8217;unica opera firmata, gli Statuti e Matricola della Società dei Drappieri del 1523 (Bologna, Museo Civico Medievale, ms.</p>
