{"id":8336,"date":"2023-07-18T16:10:33","date_gmt":"2023-07-18T14:10:33","guid":{"rendered":"http:\/\/bollettinodarte.cultura.gov.it\/?page_id=8336"},"modified":"2025-02-17T09:50:01","modified_gmt":"2025-02-17T08:50:01","slug":"micaela-antonucci-tutto-passa-per-le-scale-la-scala-nei-palazzi-romani","status":"publish","type":"page","link":"https:\/\/bollettinodarte.cultura.gov.it\/?page_id=8336","title":{"rendered":"Micaela Antonucci: \u00abTutto Passa Per Le Scale\u00bb: La Scala Nei Palazzi Romani"},"content":{"rendered":"<div align=\"justify\"><strong>Estratto dal volume speciale <span style=\"font-size: 12pt;\"><em>Palazzi del Cinquecento a Roma<\/em> (2016)<\/span><\/strong><\/div>\n<div align=\"justify\">A partire dalla met\u00e0 del XV secolo le scale guadagnano progressivamente un ruolo da protagoniste nell\u2019architettura civile in Italia e in Europa, trasformandosi da mero elemento \u201cdi servizio\u201d a snodo centrale dell\u2019edificio, in cui trovano espressione le diverse valenze legate alla monumentalit\u00e0 architettonica, alle esigenze cerimoniali e all\u2019organizzazione spaziale.<br \/>\nA Roma, sede della curia pontificia e delle grandi corti cardinalizie, dove la ritualit\u00e0 e le cerimonie assumono un ruolo centrale nella vita sociale e nell\u2019architettura, nella costruzione dei grandi palazzi tardo-quattrocenteschi la disposizione delle scale sperimenta innovative soluzioni attente alla comodit\u00e0 e insieme alla rappresentativit\u00e0.<br \/>\nQueste esigenze funzionali si saldano alla ricerca progettuale volta alla costruzione di residenze mutuate sul modello aulico della \u201ccasa degli antichi\u201d, che prende avvio a Firenze e raggiunge il culmine con i palazzi romani di Antonio da Sangallo il Giovane, in particolare quello per il cardinale poi papa Alessandro Farnese: un modello indiscusso dell\u2019architettura romana cinquecentesca che, ripreso e declinato in diverse varianti, si diffonde rapidamente anche nei palazzi italiani ed europei. Nel Palazzo Farnese la scala acquista una solennit\u00e0 e una monumentalit\u00e0 nuove unite a una perfetta funzionalit\u00e0, connettendosi in un insieme organico e coerente agli altri spazi del percorso \u201cpubblico\u201d (atrio e cortile).<br \/>\nL\u2019elemento scenografico e prospettico diventa sempre pi\u00f9 protagonista nelle scale dei palazzi romani tardo-cinquecenteschi che si ispirano al modello sangallesco, anticipando sullo scorcio della fine del secolo le teatrali \u201carchitetture di scale\u201d dell\u2019et\u00e0 barocca.<\/div>\n<div align=\"justify\">\n<p>&nbsp;<\/p>\n<p style=\"font-weight: 400; text-align: center;\"><strong>\u00abTutto passa per le scale\u00bb: the staircases of palaces in Rome<\/strong><\/p>\n<div align=\"justify\">Starting in the mid\u2013fifteenth century, the staircase begins to play an increasingly prominent role in civil architecture in Italy and throughout Europe, transforming itself from mere element of \u201cservice\u201d into a fulcrum of the building, in which the different values tied to architectural monumentality, ceremonial needs, and spatial organization find expression.<br \/>\nIn Rome, seat of the papal curia and of the great courts of the cardinals, where ritual and ceremony played a central role in social life and architecture, innovative solutions were tested in the design of staircases for the late fifteenth\u2013century palaces under construction, answering to requirements of comfort as well as of necessary grandeur.<br \/>\nThese functional needs become an integral part of the design process for constructing residences based on the aristocratic prototype of the \u201chouse of the ancients\u201d that was introduced in Florence, and which culminates in the palaces in Rome of Antonio da Sangallo the Younger. Among the latter, the palace of cardinal (and later pope) Alexander Farnese, an indubitable paradigm of 16th\u2013century architecture in Rome, was variously imitated and reinterpreted in the Urbs and rapidly adopted as a model for palace architecture across Italy and Europe. In Palazzo Farnese the staircase acquires new solemnity and monumentality combined with perfect functionality, connecting to the other \u201cpublic\u201d spaces (i.e., lobby and courtyard) of the building to form a unified and coherent ensemble.<br \/>\nThe scenographic perspective function becomes ever more central for the staircases of late sixteenth\u2013century palaces in Rome inspired by the Sangallo model, foreshadowing the theatrical \u201cstaircase architecture\u201d of the incoming Baroque age.<\/div>\n<\/div>\n","protected":false},"excerpt":{"rendered":"<p>Estratto dal volume speciale Palazzi del Cinquecento a Roma (2016) A partire dalla met\u00e0 del XV secolo le scale guadagnano progressivamente un ruolo da protagoniste nell\u2019architettura civile in Italia e in Europa, trasformandosi da mero elemento \u201cdi servizio\u201d a snodo centrale dell\u2019edificio, in cui trovano espressione le diverse valenze legate alla monumentalit\u00e0 architettonica, alle esigenze cerimoniali e all\u2019organizzazione spaziale.<\/p>\n","protected":false},"author":1,"featured_media":0,"parent":0,"menu_order":0,"comment_status":"closed","ping_status":"closed","template":"","meta":{"footnotes":""},"categories":[],"tags":[],"class_list":["post-8336","page","type-page","status-publish","hentry"],"_links":{"self":[{"href":"https:\/\/bollettinodarte.cultura.gov.it\/index.php?rest_route=\/wp\/v2\/pages\/8336","targetHints":{"allow":["GET"]}}],"collection":[{"href":"https:\/\/bollettinodarte.cultura.gov.it\/index.php?rest_route=\/wp\/v2\/pages"}],"about":[{"href":"https:\/\/bollettinodarte.cultura.gov.it\/index.php?rest_route=\/wp\/v2\/types\/page"}],"author":[{"embeddable":true,"href":"https:\/\/bollettinodarte.cultura.gov.it\/index.php?rest_route=\/wp\/v2\/users\/1"}],"replies":[{"embeddable":true,"href":"https:\/\/bollettinodarte.cultura.gov.it\/index.php?rest_route=%2Fwp%2Fv2%2Fcomments&post=8336"}],"version-history":[{"count":9,"href":"https:\/\/bollettinodarte.cultura.gov.it\/index.php?rest_route=\/wp\/v2\/pages\/8336\/revisions"}],"predecessor-version":[{"id":13623,"href":"https:\/\/bollettinodarte.cultura.gov.it\/index.php?rest_route=\/wp\/v2\/pages\/8336\/revisions\/13623"}],"wp:attachment":[{"href":"https:\/\/bollettinodarte.cultura.gov.it\/index.php?rest_route=%2Fwp%2Fv2%2Fmedia&parent=8336"}],"wp:term":[{"taxonomy":"category","embeddable":true,"href":"https:\/\/bollettinodarte.cultura.gov.it\/index.php?rest_route=%2Fwp%2Fv2%2Fcategories&post=8336"},{"taxonomy":"post_tag","embeddable":true,"href":"https:\/\/bollettinodarte.cultura.gov.it\/index.php?rest_route=%2Fwp%2Fv2%2Ftags&post=8336"}],"curies":[{"name":"wp","href":"https:\/\/api.w.org\/{rel}","templated":true}]}}