{"id":8697,"date":"2023-07-20T15:14:18","date_gmt":"2023-07-20T13:14:18","guid":{"rendered":"http:\/\/bollettinodarte.cultura.gov.it\/?page_id=8697"},"modified":"2023-11-03T13:30:02","modified_gmt":"2023-11-03T12:30:02","slug":"francesco-muscolino-il-duca-di-santo-stefano-e-il-collezionismo-di-antichita-a-taormina-nel-xviii-secolo","status":"publish","type":"page","link":"https:\/\/bollettinodarte.cultura.gov.it\/?page_id=8697","title":{"rendered":"Francesco Muscolino:\u00a0Il duca di Santo Stefano e il collezionismo di antichit\u00e0 a Taormina nel\u00a0 XVIII secolo"},"content":{"rendered":"<div align=\"justify\">\n<p><strong>Estratto dal fascicolo 14 (aprile-giugno 2012)<\/strong><\/p>\n<p>Il collezionismo di antichit\u00e0, comune nel XVIII secolo, \u00e8 ben attestato anche a Taormina dove, accanto alla collezione pi\u00f9 nota, sebbene mai prima d\u2019ora approfonditamente studiata, quella del Duca di Santo Stefano, sono attestate altre collezioni \u201cminori\u201d pressoch\u00e9 sconosciute, appartenenti a cittadini impegnati nella tutela dei monumenti antichi e nello studio della storia patria. Grazie a manoscritti, carteggi, scritti degli stessi collezionisti e notizie dei viaggiatori, \u00e8 possibile ricostruire la fisionomia di queste collezioni, composte soprattutto da oggetti di provenienza locale che, tranne alcune importanti eccezioni, sono andati tutti dispersi.<\/p>\n<div align=\"center\">\n&nbsp;<br \/>\n<strong>The Duke of Santo Stefano and the Collecting of Antiquities in Taormina in the 18th Century<\/strong><\/p>\n<div align=\"center\"><\/div>\n<div align=\"justify\">The practice of collecting antiquities, common in the 18th century, was well established also in Taormina. Here, in addition to the famous collection of the Duke of Santo Stefano, until now never before studied in depth, there were other \u201clesser\u201d, in fact almost unknown collections belonging to citizens involved in the protection of ancient monuments and the study of the city\u2019s history.<br \/>\nThanks to manuscripts, correspondence and written works by these same collectors, as well as information provided by travellers, it is possible to reconstruct the physiognomy of these collections that were composed above all of objects of local origin, which, apart from a few important exceptions, have all been lost.<\/div>\n<\/div>\n<\/div>\n","protected":false},"excerpt":{"rendered":"<p>Estratto dal fascicolo 14 (aprile-giugno 2012) Il collezionismo di antichit\u00e0, comune nel XVIII secolo, \u00e8 ben attestato anche a Taormina dove, accanto alla collezione pi\u00f9 nota, sebbene mai prima d\u2019ora approfonditamente studiata, quella del Duca di Santo Stefano, sono attestate altre collezioni \u201cminori\u201d pressoch\u00e9 sconosciute, appartenenti a cittadini impegnati nella tutela dei monumenti antichi e nello studio della storia patria.<\/p>\n","protected":false},"author":1,"featured_media":0,"parent":0,"menu_order":0,"comment_status":"closed","ping_status":"closed","template":"","meta":{"footnotes":""},"categories":[],"tags":[],"class_list":["post-8697","page","type-page","status-publish","hentry"],"_links":{"self":[{"href":"https:\/\/bollettinodarte.cultura.gov.it\/index.php?rest_route=\/wp\/v2\/pages\/8697","targetHints":{"allow":["GET"]}}],"collection":[{"href":"https:\/\/bollettinodarte.cultura.gov.it\/index.php?rest_route=\/wp\/v2\/pages"}],"about":[{"href":"https:\/\/bollettinodarte.cultura.gov.it\/index.php?rest_route=\/wp\/v2\/types\/page"}],"author":[{"embeddable":true,"href":"https:\/\/bollettinodarte.cultura.gov.it\/index.php?rest_route=\/wp\/v2\/users\/1"}],"replies":[{"embeddable":true,"href":"https:\/\/bollettinodarte.cultura.gov.it\/index.php?rest_route=%2Fwp%2Fv2%2Fcomments&post=8697"}],"version-history":[{"count":7,"href":"https:\/\/bollettinodarte.cultura.gov.it\/index.php?rest_route=\/wp\/v2\/pages\/8697\/revisions"}],"predecessor-version":[{"id":8701,"href":"https:\/\/bollettinodarte.cultura.gov.it\/index.php?rest_route=\/wp\/v2\/pages\/8697\/revisions\/8701"}],"wp:attachment":[{"href":"https:\/\/bollettinodarte.cultura.gov.it\/index.php?rest_route=%2Fwp%2Fv2%2Fmedia&parent=8697"}],"wp:term":[{"taxonomy":"category","embeddable":true,"href":"https:\/\/bollettinodarte.cultura.gov.it\/index.php?rest_route=%2Fwp%2Fv2%2Fcategories&post=8697"},{"taxonomy":"post_tag","embeddable":true,"href":"https:\/\/bollettinodarte.cultura.gov.it\/index.php?rest_route=%2Fwp%2Fv2%2Ftags&post=8697"}],"curies":[{"name":"wp","href":"https:\/\/api.w.org\/{rel}","templated":true}]}}